when 11116401 is divided by 11116371.
30
Calculate the remainder when 48828 is divided by 51.
21
Calculate the remainder when 11657369 is divided by 5618.
19
What is the remainder when 953594 is divided by 737?
653
What is the remainder when 13008080 is divided by 270999?
128
What is the remainder when 854928 is divided by 213732?
0
Calculate the remainder when 27888 is divided by 9097.
597
Calculate the remainder when 515980 is divided by 42959.
472
Calculate the remainder when 8529562 is divided by 95.
82
What is the remainder when 86242569 is divided by 718?
717
What is the remainder when 452338 is divided by 1570?
178
What is the remainder when 126723750 is divided by 8448249?
15
What is the remainder when 130666 is divided by 43365?
571
What is the remainder when 7149199 is divided by 244?
243
What is the remainder when 1517024 is divided by 60680?
24
What is the remainder when 120503550 is divided by 287?
286
Calculate the remainder when 89899 is divided by 799.
411
Calculate the remainder when 2686303 is divided by 1342499.
1305
Calculate the remainder when 2355599 is divided by 2901.
2888
Calculate the remainder when 266133 is divided by 1721.
1099
What is the remainder when 83827 is divided by 208?
3
What is the remainder when 206802 is divided by 394?
346
What is the remainder when 2607616 is divided by 1933?
1932
Calculate the remainder when 193309 is divided by 96646.
17
What is the remainder when 1055009977 is divided by 8047?
8042
What is the remainder when 1500081 is divided by 230?
21
Calculate the remainder when 1561698 is divided by 82155.
753
What is the remainder when 4514778 is divided by 123?
63
Calculate the remainder when 240234 is divided by 15013.
26
Calculate the remainder when 147258 is divided by 36308.
2026
Calculate the remainder when 325139 is divided by 552.
11
Calculate the remainder when 2684685 is divided by 536933.
20
Calculate the remainder when 5125061 is divided by 732151.
4
What is the remainder when 1314046 is divided by 722?
6
What is the remainder when 58745974 is divided by 214?
192
What is the remainder when 45548 is divided by 781?
250
What is the remainder when 1387819 is divided by 978?
37
Calculate the remainder when 2845964 is divided by 1530.
164
Calculate the remainder when 296558 is divided by 16.
14
Calculate the remainder when 98872768 is divided by 47.
43
Calculate the remainder when 382623 is divided by 54618.
297
Calculate the remainder when 823591 is divided by 16471.
41
What is the remainder when 21488807 is divided by 796?
787
Calculate the remainder when 1172524902 is divided by 9.
6
What is the remainder when 44906 is divided by 907?
463
Calculate the remainder when 4457624 is divided by 742932.
32
Calculate the remainder when 6954576 is divided by 42.
6
What is the remainder when 2956186 is divided by 13316?
34
What is the remainder when 51012715 is divided by 1982?
1981
Calculate the remainder when 947392 is divided by 101.
12
What is the remainder when 63199699 is divided by 31599834?
31
What is the remainder when 511399 is divided by 127484?
1463
Calculate the remainder when 1906875 is divided by 682.
3
What is the remainder when 754073 is divided by 251354?
11
Calculate the remainder when 624062 is divided by 16422.
26
Calculate the remainder when 725273 is divided by 362557.
159
What is the remainder when 14780909 is divided by 82?
81
Calculate the remainder when 5863721 is divided by 45455.
26
Calculate the remainder when 90969293 is divided by 6100.
6093
What is the remainder when 436237 is divided by 827?
408
What is the remainder when 49991052 is divided by 8331838?
24
Calculate the remainder when 104958 is divided by 33841.
3435
Calculate the remainder when 701714 is divided by 8719.
4194
Calculate the remainder when 5083939 is divided by 191.
92
What is the remainder when 19780574 is divided by 17?
3
What is the remainder when 172137 is divided by 42922?
449
Calculate the remainder when 25903 is divided by 3922.
2371
What is the remainder when 991403 is divided by 25420?
23
What is the remainder when 224703803 is divided by 76?
75
What is the remainder when 61970 is divided by 3049?
990
What is the remainder when 117464 is divided by 8?
0
What is the remainder when 25545776 is divided by 156?
152
What is the remainder when 19022327 is divided by 760893?
2
Calculate the remainder when 17446108 is divided by 5928.
4
What is the remainder when 481799 is divided by 12324?
1163
Calculate the remainder when 19426788 is divided by 11.
7
Calculate the remainder when 7891357 is divided by 80.
77
What is the remainder when 12773359 is divided by 716?
635
What is the remainder when 103733 is divided by 498?
149
What is the remainder when 387462 is divided by 29767?
491
Calculate the remainder when 2315 is divided by 973.
369
What is the remainder when 118986 is divided by 2286?
114
Calculate the remainder when 1056494 is divided by 391.
12
What is the remainder when 979994096 is divided by 57?
50
What is the remainder when 94646 is divided by 18927?
11
Calculate the remainder when 6122508 is divided by 16913.
2
What is the remainder when 59525156 is divided by 237?
236
What is the remainder when 593293 is divided by 296643?
7
What is the remainder when 1149913 is divided by 76657?
58
Calculate the remainder when 10636129 is divided by 398.
375
What is the remainder when 20246892 is divided by 42?
36
Calculate the remainder when 54276 is divided by 3441.
2661
What is the remainder when 1900597 is divided by 1900535?
62
Calculate the remainder when 2885480 is divided by 112.
24
Calculate the remainder when 6351463 is divided by 635134.
123
What is the remainder when 218759 is divided by 1885?
99
What is the remainder when 17361 is divided by 394?
25
Calculate the remainder when 1971688 is divided by 3175.
13
What is the remainder when 6957315 is divided by 434829?
51
What is the remainder when 44241319 is divided by 131?
130
Calculate the remainder when 18469140 is divided by 312.
300
Calculate the remainder when 812343 is divided by 265.
118
Calculate the remainder when 239572 is divided by 79845.
37
Calculate the remainder when 2618597 is divided by 14.
9
Calculate the remainder when 141103496 is divided by 953402.
0
Calculate the remainder when 454328 is divided by 90864.
8
Calculate the remainder when 4092156 is divided by 2046057.
42
What is the remainder when 469309 is divided by 141?
61
What is the remainder when 240395 is divided by 79995?
410
What is the remainder when 1410263 is divided by 1198?
217
What is the remainder when 229671062 is divided by 3103663?
0
What is the remainder when 1484004 is divided by 2061?
84
What is the remainder when 691367489 is divided by 230455829?
2
Calculate the remainder when 17952373 is divided by 2992061.
7
Calculate the remainder when 342051642 is divided by 15.
12
Calculate the remainder when 609575 is divided by 800.
775
What is the remainder when 11984512 is divided by 570690?
22
What is the remainder when 4156044 is divided by 134064?
60
What is the remainder when 4868506 is divided by 23?
4
What is the remainder when 2827914 is divided by 82?
62
Calculate the remainder when 109486 is divided by 1474.
410
What is the remainder when 57612 is divided by 55968?
1644
What is the remainder when 31070 is divided by 2450?
1670
Calculate the remainder when 186766731 is divided by 122.
103
Calculate the remainder when 489637 is divided by 25770.
7
Calculate the remainder when 2944268 is divided by 44610.
8
What is the remainder when 109273 is divided by 2184?
73
What is the remainder when 1401725 is divided by 480?
125
What is the remainder when 992911 is divided by 496369?
173
Calculate the remainder when 297854 is divided by 99280.
14
What is the remainder when 3039519 is divided by 1683?
21
Calculate the remainder when 11267101 is divided by 187.
164
Calculate the remainder when 5509135 is divided by 364.
359
What is the remainder when 366848 is divided by 45024?
6656
Calculate the remainder when 493875 is divided by 5810.
25
What is the remainder when 60415 is divided by 581?
572
What is the remainder when 2912306 is divided by 126619?
69
What is the remainder when 839670 is divided by 8301?
1269
Calculate the remainder when 1340438